 common divisor of y and 18.
9
Let f(m) = -3*m**2 - 1. Let z(y) = -18*y**2 - y + 72. Let d(u) = -5*f(u) + z(u). Let s be d(0). What is the highest common divisor of s and 7?
7
Let j = -82 + 90. Suppose j*w = 7 + 9. What is the highest common divisor of 2 and w?
2
Suppose -2*t - 563 = -5*p, -p - t + 0*t = -114. Let k = p + -93. Calculate the highest common factor of 4 and k.
4
Let c(m) = -66*m + 12. Let o be c(-17). Let f = o - 743. Calculate the highest common factor of 23 and f.
23
Let t = 17715 - 17502. What is the highest common divisor of 5893 and t?
71
Let y(m) = 0*m**2 + 2*m - m**2 + 8 - 3*m + 2. Let i be y(0). Let n = 18 + i. Calculate the greatest common divisor of n and 308.
28
Suppose -21*q = -101*q - 55*q + 22680. What is the highest common divisor of q and 2088?
24
Let o = -270 + 286. Calculate the highest common divisor of o and 112.
16
Let v be ((6669/(-52))/(-19))/((-4)/(160/(-3))). Calculate the greatest common factor of 1170 and v.
90
Let k = -279 - -641. Let f = -293 + k. What is the highest common factor of 6 and f?
3
Suppose 2*b = 5*l + 164, 0*b - 3*b + l + 220 = 0. What is the highest common factor of 768 and b?
24
Let k be (-273866)/(-152) + 34 - (-1)/4. Let x = -27 + 61. Calculate the highest common divisor of k and x.
34
Suppose 0 = -a - 3*f + 85, 4*a - 179 = -f + 172. Suppose 91*d - a*d - 192 = 0. Calculate the highest common factor of 80 and d.
16
Let g = -71 - -85. Suppose 5*j = g*j - 18. Suppose -j*q - 2*q + 28 = -2*z, 0 = -3*q + 2*z + 23. Calculate the greatest common divisor of 10 and q.
5
Let s be 2/(-6)*(-393 - 0). Let y(j) = 13*j + 178. Let f be y(-9). Suppose -4*q + s = -f. Calculate the greatest common divisor of q and 120.
24
Let o = -7011 + 7150. What is the highest common factor of o and 1251?
139
Let k be 1/(6/(-4)) + 7030/15. Suppose -406 = -7*w - 42. Calculate the highest common factor of w and k.
52
Let f(i) = 644*i + 4160. Let h be f(6). Calculate the highest common divisor of 680 and h.
136
Let c = -12914 - -13128. What is the greatest common factor of c and 58?
2
Let l be ((1/(-2))/(228/25194))/(2/(-136)). Calculate the greatest common factor of l and 68.
17
Let t = 22 - -25. Let f = t + -42. Suppose 0*q + f*d + 55 = 5*q, -d - 41 = -4*q. Calculate the highest common factor of 4 and q.
2
Let i = -98 - -250. Suppose -478*y + 479*y = 2*f + 192, 2*y + f = 379. Calculate the highest common divisor of i and y.
38
Let c = 37782 + -37768. Suppose -159 = -3*g + 3*h, -3*h = 4*g - 2*h - 217. Suppose 506 = 5*y - g. Calculate the highest common factor of y and c.
14
Let h = 7106 - 7080. Calculate the highest common divisor of 416 and h.
26
Suppose 50*l + 72 = 56*l. Suppose -30*z + 26*z + 12 = 0. What is the greatest common factor of z and l?
3
Let u(p) = 403*p - 1560. Let s be u(5). What is the greatest common divisor of s and 2145?
65
Let c be 10328136/1512 + (-4)/(-18). Calculate the greatest common divisor of c and 66.
33
Let w = 90 + -17. Let z = w - 35. Let i(h) = -2*h + 57. Let r be i(0). Calculate the highest common divisor of r and z.
19
Suppose 20*f - 25*f + 10 = 0. Suppose -363 = -5*t - 3*i + f*i, 144 = 2*t + i. Calculate the highest common factor of t and 73.
73
Let u be (-23)/(230/(-60)) + (0 - 862)*-3. What is the highest common factor of 810 and u?
162
Suppose 5*p - 869 = -3*l, -2*p = -0*p + 2*l - 346. Suppose 214*f + 310*f - 23415 = -145*f. Calculate the highest common factor of p and f.
35
Let f be 10/45 + (-6453)/36*488/(-27). Calculate the greatest common factor of f and 200.
40
Let v(b) = -b + 7. Let r be ((-2)/(-9)*-3)/((-3)/(-207)). Let q = r + 40. Let y be v(q). Calculate the highest common divisor of y and 39.
13
Let v be ((-130)/25)/(3/15). Let r = v + 26. Let c be r - 18/(-7) - 9/(-21). Calculate the greatest common divisor of 3 and c.
3
Let m be 15/(8 - (-319)/(-44)). Suppose v - 24 = 72. Let b be (v/(-10))/(74/m - 4). Calculate the greatest common divisor of 80 and b.
16
Let u be (-130351)/(-111)*2*5/(-20)*-6. What is the highest common divisor of 260 and u?
13
Let k be (-1210)/(-3 + (-1)/3 + (-112)/(-36)). What is the greatest common factor of k and 231?
33
Let q = 25760 + -25552. What is the greatest common factor of 9256 and q?
104
Suppose 16*m - 8146 = -2454 - 1740. Let z = 6 - -7. Calculate the greatest common divisor of m and z.
13
Suppose -552*t - 1302 = -559*t. What is the greatest common factor of t and 11904?
186
Suppose 5*f = -4*b - 20, 2*f + b + 25 = -4*b. Suppose f*m + 28 = 7*m. Suppose 0 = -m*l - 5 + 33. Calculate the greatest common divisor of 1 and l.
1
Let r = 75 + -50. Suppose 0 = 22*p - r*p + 39. Suppose p*m + m - 238 = 0. Calculate the highest common factor of 85 and m.
17
Let o = -17 - -5. Let c be 22/(-6) + (-9)/27 + 0. Let y be 5 - (11 + o)/(2/c). What is the greatest common divisor of 12 and y?
3
Let l(f) = 19*f**2 - 4*f + 23. Let r = -326 - -322. Let k be l(r). Calculate the greatest common factor of 49 and k.
49
Let b(f) = 50*f - 987. Let z be b(33). What is the highest common factor of 136 and z?
17
Let m(r) = r**2 - 7*r + 39. Suppose 13*b - 50 - 28 = 0. Let v be m(b). What is the greatest common divisor of v and 6?
3
Let s be 1 + 0 + (-1 - -22). Suppose 2*f + 4126 = 914. Let g = 1738 + f. What is the greatest common divisor of s and g?
22
Let v = -245 - -397. Calculate the highest common divisor of 1482 and v.
38
Let i(s) = s**3 + 6*s**2 - 16*s - 4. Let k be i(5). Let p = -188 + k. Calculate the greatest common divisor of p and 3.
3
Let h = 927 + -549. Let f = h + -370. Calculate the greatest common divisor of f and 56.
8
Let o = 114 + -38. Let h be (-285)/(-1 - 4/8). Suppose 5*r = 3*k + h, -3*r + 8*r + 3*k = 190. Calculate the greatest common factor of o and r.
38
Suppose -1574 = -u + 2*y, -u - 2*y = -1955 + 397. What is the highest common factor of u and 729?
27
Let g(r) = 5*r**3 + 20*r**2 - 6*r - 14. Let i be g(-4). Calculate the highest common divisor of 70 and i.
10
Suppose 67*g = 15*g - g + 6625. Calculate the greatest common divisor of g and 400.
25
Suppose 543*y - 540*y + u - 2628 = 0, -5*u = -y + 876. What is the greatest common divisor of 180 and y?
12
Suppose 399 = -13*j + 750. Calculate the highest common divisor of j and 7101.
27
Let s be 15*(-16)/(-40) + -614. Let j = 838 + s. What is the highest common divisor of j and 5?
5
Suppose 0 = -4*r + 35 - 143. Let c = 48 + r. Suppose 3*z + m - 57 = 0, 2*z + 5*m + 35 = 47. What is the highest common factor of c and z?
21
Let g = 1567 - 1528. What is the greatest common divisor of 130 and g?
13
Let m be 446/4 + (-4)/(-8). Let q be (-14)/(-98) - (-291)/21. Calculate the highest common divisor of q and m.
14
Let o be 11/((-110)/(-980)) - 5. Calculate the highest common divisor of 2573 and o.
31
Let f be (2/5)/(56/(-2730))*(-24)/18. What is the highest common factor of f and 766?
2
Let z be 11/((-132)/8)*3/(-2). Suppose 13 = 4*f + z. Let u be f - (1 - (2 + 117)). What is the greatest common divisor of 11 and u?
11
Let v be 439065/((-135)/(-3)) + -2*1/2. What is the highest common divisor of 144 and v?
36
Suppose 26*u = 31*u - g - 1584, -3*u = 4*g - 932. What is the highest common factor of u and 3002?
158
Suppose -3*x = 3, -5*a + 11 = -4*a - 2*x. Let c be 13*(18 + -4)/2. Suppose -a*s + 22*s - c = 0. Calculate the highest common divisor of s and 21.
7
Suppose 769 - 132 = -7*z. Let i = z - -96. Suppose -h + 210 = 5*k, h - 360 = -h + i*k. Calculate the highest common divisor of h and 10.
10
Let l(p) = 2*p**3 - 4*p**2 - 2*p + 3. Let t be l(5). Let v = t + -127. What is the greatest common divisor of 336 and v?
16
Let t(d) = 4*d + 34. Let m(a) = -7*a - 69. Let v(l) = 2*m(l) + 5*t(l). Let q be v(0). Calculate the greatest common factor of q and 8.
8
Let s = 4434 - -5178. What is the greatest common factor of 324 and s?
108
Suppose -5*l - 2*h = -490, 0 = 2*l + l + h - 293. Suppose -j = j - l. Suppose 2*b = 8*b - 144. What is the greatest common divisor of b and j?
24
Suppose 5*a - 10 = -u - 37, 3*u + 4*a = -48. Let h be (u/(-8))/((-6)/(-168)). Suppose -v = -67 - 143. Calculate the greatest common factor of h and v.
42
Let u be ((-8)/8)/(3/(-510)). Suppose -u = -2*k - 32*q + 36*q, 0 = 5*k - 5*q - 400. What is the highest common factor of k and 3?
3
Suppose 162*j - 567 = 81*j. What is the greatest common divis